s 27777323363 a prime number?
False
Is 106063753 prime?
False
Is 135231869 prime?
True
Is 32959484699 a composite number?
True
Is 632752313 a composite number?
False
Is 8428695881 composite?
False
Is 1864457389 a composite number?
False
Is 4788223129 prime?
True
Is 1169425343 composite?
False
Is 1962736021 prime?
True
Is 1162486235 a prime number?
False
Is 37610242585 composite?
True
Is 159579481 composite?
True
Is 22732666091 a composite number?
True
Is 4981261867 prime?
True
Is 22635488419 composite?
False
Is 91416211319 a composite number?
False
Is 292880766869 prime?
True
Is 4258430733 prime?
False
Is 96863813 a prime number?
False
Is 17807988323 a prime number?
False
Is 114167009317 composite?
False
Is 737545673 prime?
False
Is 518848349 a prime number?
True
Is 413366709453 composite?
True
Is 11144685511 composite?
True
Is 400875679 a prime number?
True
Is 97818459451 prime?
False
Is 723112003 composite?
False
Is 4475614357 a composite number?
True
Is 28672843 composite?
True
Is 33355798891 prime?
True
Is 3668511839 composite?
True
Is 771467881 a prime number?
True
Is 38690949257 prime?
False
Is 5880513391 a prime number?
False
Is 9759811657 prime?
True
Is 123283928531 composite?
False
Is 491206799 composite?
True
Is 43139962079 a composite number?
True
Is 455153009 a composite number?
False
Is 1848635993 composite?
True
Is 2190753001 a prime number?
False
Is 39924285503 composite?
True
Is 14174583893 composite?
False
Is 10052025127 a composite number?
True
Is 21049120171 composite?
False
Is 65341086851 a composite number?
True
Is 4623343027 a composite number?
False
Is 16130381671 prime?
True
Is 32824396859 prime?
True
Is 457764171 a composite number?
True
Is 1405414763 a prime number?
True
Is 104565421 a composite number?
False
Is 29877378397 composite?
False
Is 2119501879 prime?
False
Is 744876347 a composite number?
True
Is 208813837 prime?
True
Is 26181510697 prime?
True
Is 3578215027 a composite number?
False
Is 42057303659 composite?
True
Is 34883528723 a prime number?
True
Is 100684232507 a prime number?
True
Is 462166307 composite?
True
Is 4678662734 a composite number?
True
Is 10527216683 composite?
True
Is 38689332971 prime?
True
Is 39718793 composite?
False
Is 438076127 a composite number?
True
Is 4856882257 a composite number?
False
Is 113184823 prime?
True
Is 36869346827 prime?
True
Is 165041801 composite?
False
Is 2221281203 a prime number?
False
Is 4315692947 composite?
True
Is 233915852847 prime?
False
Is 3068183123 a composite number?
False
Is 502339589 a prime number?
True
Is 45706049 prime?
True
Is 3984887297 composite?
True
Is 9660173759 composite?
False
Is 2841866323 composite?
True
Is 99202893211 a prime number?
False
Is 31243723783 prime?
True
Is 12344334293 a prime number?
True
Is 5906445889 composite?
False
Is 2408035169 prime?
True
Is 41051101895 composite?
True
Is 626383757 composite?
True
Is 6743075611 prime?
False
Is 2745131899 a composite number?
True
Is 2001390431 a prime number?
True
Is 33856687757 a prime number?
True
Is 25599962809 a prime number?
True
Is 2531903389 prime?
False
Is 2907056533 composite?
True
Is 65288027089 a composite number?
True
Is 35484241 a composite number?
True
Is 4353403667 a composite number?
False
Is 1192203799 prime?
False
Is 3033326791 composite?
True
Is 823949569 a composite number?
False
Is 13553975623 a prime number?
True
Is 295901849 composite?
False
Is 277217394754 a prime number?
False
Is 146862986 composite?
True
Is 12066562477 a composite number?
False
Is 4169601157 a composite number?
False
Is 12905408897 composite?
True
Is 1006875411 a composite number?
True
Is 43456825301 composite?
True
Is 718648763 prime?
False
Is 2105187781 a prime number?
False
Is 819962051 prime?
True
Is 2146091821 prime?
False
Is 8616364517 a composite number?
False
Is 186609958937 a prime number?
True
Is 4815331453 composite?
False
Is 1479077815 composite?
True
Is 26289910507 composite?
True
Is 348984463 composite?
True
Is 3788382337 prime?
True
Is 124462061 composite?
False
Is 68595533989 composite?
True
Is 93131972987 a prime number?
False
Is 500174849 composite?
True
Is 2153109683 a prime number?
False
Is 1522980467 a composite number?
False
Is 400537549 a composite number?
True
Is 21490010957 composite?
True
Is 1794687889 prime?
False
Is 743757409 a prime number?
False
Is 75496121 a prime number?
True
Is 1662614423 composite?
False
Is 24741531299 composite?
True
Is 1308093131 a composite number?
True
Is 2451435733 composite?
False
Is 20283129289 a composite number?
False
Is 1884653633 prime?
True
Is 78829151767 prime?
False
Is 555599347 a composite number?
False
Is 32716595407 composite?
False
Is 2157843197 composite?
False
Is 311655131 composite?
False
Is 9883584769 a composite number?
True
Is 24890759743 prime?
True
Is 44025419195 prime?
False
Is 55262127667 a prime number?
True
Is 261771709 a composite number?
False
Is 1231277687 composite?
False
Is 339218497 prime?
False
Is 20241920287 prime?
True
Is 472086079 prime?
True
Is 31240906679 a prime number?
True
Is 6848690001 a prime number?
False
Is 72981301465 a composite number?
True
Is 55616502619 a composite number?
False
Is 14854017989 prime?
True
Is 6028970387 a prime number?
False
Is 3032437757 a composite number?
True
Is 7696491965 a composite number?
True
Is 2989376561 prime?
False
Is 23520302647 a composite number?
False
Is 16052922701 a composite number?
False
Is 102883463 a composite number?
True
Is 1711347527 prime?
True
Is 3618392873 a prime number?
True
Is 5549986993 composite?
False
Is 10396947089 composite?
True
Is 7316023213 composite?
True
Is 32740095211 composite?
False
Is 1096454921 prime?
True
Is 480682702 a composite number?
True
Is 12397194881 composite?
False
Is 149355835 prime?
False
Is 44736041579 composite?
False
Is 663123259 composite?
True
Is 2369505481 a composite number?
True
Is 65291037557 a prime number?
False
Is 138718933 a prime number?
True
Is 55198691 a composite number?
False
Is 10921974979 a composite number?
True
Is 224862767 composite?
False
Is 124524839053 a prime number?
True
Is 45532712179 a composite number?
False
Is 25014668041 composite?
True
Is 145644577339 a prime number?
True
Is 2471393663 a composite number?
False
Is 1838364357 prime?
False
Is 855246907 a composite number?
False
Is 58775345297 a composite number?
False
Is 72796916237 a composite number?
False
Is 4212660083 a prime number?
True
Is 7376395249 a prime number?
True
Is 21154977671 prime?
False
Is 3561252323 a composite number?
True
Is 19692105383 composite?
False
Is 31415625359 prime?
True
Is 425315819 a prime number?
False
Is 9024148043 composite?
True
Is 2021917169 prime?
True
Is 16340763623 composite?
False
Is 2231200831 a composite number?
False
Is 16983739831 prime?
True
Is 65745781 composite?
True
Is 43766491793 a prime number?
True
Is 1023813526 prime?
False
Is 2249460953 a composite number?
False
Is 4939554161 composite?
True
Is 133250616757 prime?
True
Is 924412441 composite?
False
Is 4593166507 a prime number?
False
Is 5503678711 a prime number?
False
Is 243763931 a composite number?
True
Is 13729263809 a composite number?
False
Is 2079108673 a composite number?
False
Is 514771289161 prime?
False
Is 2918048971 prime?
True
Is 5469139121 composite?
False
Is 18179740123 prime?
True
Is 5586017933 prime?
False
Is 140349086497 a composite number?
True
Is 16973258837 composite?
False
Is 964658089 composite?
False
Is 633873727 a prime number?
True
Is 329032997 composite?
True
Is 3368520247 prime?
True
Is 9067825834 composite?
True
Is 6151099859 a composite number?
False
Is 17077919 composite?
False
Is 23763188901 prime?
False
Is 174059089 a prime number?
False
Is 332222027 composite?
True
Is 1509251207 a composite number?
False
Is 1920788999 composite?
False
Is 51541067 a composite number?
True
Is 6049599893 composite?
False
Is 595203089 composite?
True
Is 679880741 a composite number?
False
Is 14187882013 a prime number?
True
Is 241933709 composite?
False
Is 3035347781 a composite number?
False
Is 25517843 a composite number?
True
Is 140063851 a prime number?
True
Is 63768202507 a prime number?
False
Is 2721881899 prime?
False
Is 721963493 a prime number?
False
Is 9997254953 a prime number?
False
Is 97117888345 compos